{"id":65,"date":"2020-10-05T13:00:29","date_gmt":"2020-10-05T13:00:29","guid":{"rendered":"https:\/\/vesnabeauty.de\/?page_id=65"},"modified":"2020-10-09T21:38:52","modified_gmt":"2020-10-09T21:38:52","slug":"ueber-vesna","status":"publish","type":"page","link":"https:\/\/vesnabeauty.de\/index.php\/ueber-vesna\/","title":{"rendered":"Parf\u00fcmerie"},"content":{"rendered":"<div class=\"article-lead article-lead--in-content article-lead--without-image article-lead--without-border\">\n<h1 class=\"article-lead__heading\"><img loading=\"lazy\" class=\" wp-image-69 alignright\" src=\"https:\/\/vesnabeauty.de\/wp-content\/uploads\/2020\/10\/bea-200x300.jpg\" alt=\"\" width=\"409\" height=\"614\" srcset=\"https:\/\/vesnabeauty.de\/wp-content\/uploads\/2020\/10\/bea-200x300.jpg 200w, https:\/\/vesnabeauty.de\/wp-content\/uploads\/2020\/10\/bea-683x1024.jpg 683w, https:\/\/vesnabeauty.de\/wp-content\/uploads\/2020\/10\/bea-768x1152.jpg 768w, https:\/\/vesnabeauty.de\/wp-content\/uploads\/2020\/10\/bea-1024x1536.jpg 1024w, https:\/\/vesnabeauty.de\/wp-content\/uploads\/2020\/10\/bea-1365x2048.jpg 1365w, https:\/\/vesnabeauty.de\/wp-content\/uploads\/2020\/10\/bea-1140x1710.jpg 1140w, https:\/\/vesnabeauty.de\/wp-content\/uploads\/2020\/10\/bea-scaled.jpg 1707w\" sizes=\"(max-width: 409px) 100vw, 409px\" \/><\/h1>\n<\/div>\n<div class=\"box box--default textbox\">\n<p><a name=\"c3871\"><\/a>Seit 40 Jahren stehen wir im Dienste unserer Kunden und stehen Ihnen bei allen Ihren Fragen rund um die Sch\u00f6nheit und Kosmetikbehandlungen mit Rat und Tat zur Seite. Wir verw\u00f6hnen Sie mit auf Ihre Bed\u00fcrfnissen abgestimmten Behandlungsmethoden und entf\u00fchren Sie gerne f\u00fcr eine kurze Zeit aus dem Alltag.<\/p>\n<\/div>\n<div class=\"box box--default textbox\">\n<p><a name=\"c3872\"><\/a>Auch d\u00fcrfen Sie sich auf eine kompetente Beratung in den Bereichen Pflege und Make-up freuen. Unser Team ber\u00e4t Sie mit Herzblut und zeigt Ihnen die neuesten Innovationen im Duft- und Pflegebereich.<\/p>\n<\/div>\n<div class=\"box box--default textbox\">\n<p><a name=\"c3873\"><\/a>Unsere ausgebildeten Visagisten zaubern Ihnen jederzeit ein tolles Make-up und stehen Ihnen in der Auswahl der Farben mit Rat und Tat zur Seite. Wir freuen uns, wenn Sie bei uns vorbeischauen und sich von der Welt der D\u00fcfte verzaubern lassen.<\/p>\n<\/div>\n<div class=\"box box--default textbox\">\n<p><a name=\"c3874\"><\/a>Ihr <strong>VESNA Parf\u00fcmerie &amp; Beauty<\/strong> Team!<i><br \/>\n<\/i><\/p>\n<\/div>\n<p>&nbsp;<\/p>\n","protected":false},"excerpt":{"rendered":"<p>Seit 40 Jahren stehen wir im Dienste unserer Kunden und stehen Ihnen bei allen Ihren Fragen rund um die Sch\u00f6nheit und Kosmetikbehandlungen mit Rat und Tat zur Seite. Wir verw\u00f6hnen Sie mit auf Ihre Bed\u00fcrfnissen abgestimmten Behandlungsmethoden und entf\u00fchren Sie gerne f\u00fcr eine kurze Zeit aus dem Alltag. Auch d\u00fcrfen Sie sich auf eine kompetente Beratung in den Bereichen Pflege und Make-up freuen. Unser Team ber\u00e4t Sie mit Herzblut und zeigt Ihnen die neuesten Innovationen im Duft- und Pflegebereich. Unsere ausgebildeten Visagisten zaubern Ihnen jederzeit ein tolles Make-up und stehen Ihnen in der Auswahl der Farben mit Rat und Tat zur Seite. Wir freuen uns, wenn Sie bei uns vorbeischauen und sich von der Welt der D\u00fcfte verzaubern lassen. Ihr VESNA Parf\u00fcmerie &amp; Beauty Team! &nbsp;<\/p>\n","protected":false},"author":1,"featured_media":0,"parent":0,"menu_order":0,"comment_status":"closed","ping_status":"closed","template":"","meta":[],"yoast_head":"<!-- This site is optimized with the Yoast SEO plugin v19.9 - https:\/\/yoast.com\/wordpress\/plugins\/seo\/ -->\n<title>Parf\u00fcmerie - Vesna<\/title>\n<meta name=\"robots\" content=\"index, follow, max-snippet:-1, max-image-preview:large, max-video-preview:-1\" \/>\n<link rel=\"canonical\" href=\"https:\/\/vesnabeauty.de\/index.php\/ueber-vesna\/\" \/>\n<meta property=\"og:locale\" content=\"de_DE\" \/>\n<meta property=\"og:type\" content=\"article\" \/>\n<meta property=\"og:title\" content=\"Parf\u00fcmerie - Vesna\" \/>\n<meta property=\"og:description\" content=\"Seit 40 Jahren stehen wir im Dienste unserer Kunden und stehen Ihnen bei allen Ihren Fragen rund um die Sch\u00f6nheit und Kosmetikbehandlungen mit Rat und Tat zur Seite. Wir verw\u00f6hnen Sie mit auf Ihre Bed\u00fcrfnissen abgestimmten Behandlungsmethoden und entf\u00fchren Sie gerne f\u00fcr eine kurze Zeit aus dem Alltag. Auch d\u00fcrfen Sie sich auf eine kompetente Beratung in den Bereichen Pflege und Make-up freuen. Unser Team ber\u00e4t Sie mit Herzblut und zeigt Ihnen die neuesten Innovationen im Duft- und Pflegebereich. Unsere ausgebildeten Visagisten zaubern Ihnen jederzeit ein tolles Make-up und stehen Ihnen in der Auswahl der Farben mit Rat und Tat zur Seite. Wir freuen uns, wenn Sie bei uns vorbeischauen und sich von der Welt der D\u00fcfte verzaubern lassen. Ihr VESNA Parf\u00fcmerie &amp; Beauty Team! &nbsp;\" \/>\n<meta property=\"og:url\" content=\"https:\/\/vesnabeauty.de\/index.php\/ueber-vesna\/\" \/>\n<meta property=\"og:site_name\" content=\"Vesna\" \/>\n<meta property=\"article:modified_time\" content=\"2020-10-09T21:38:52+00:00\" \/>\n<meta property=\"og:image\" content=\"https:\/\/vesnabeauty.de\/wp-content\/uploads\/2020\/10\/bea-200x300.jpg\" \/>\n<meta name=\"twitter:card\" content=\"summary_large_image\" \/>\n<meta name=\"twitter:label1\" content=\"Gesch\u00e4tzte Lesezeit\" \/>\n\t<meta name=\"twitter:data1\" content=\"1\u00a0Minute\" \/>\n<script type=\"application\/ld+json\" class=\"yoast-schema-graph\">{\"@context\":\"https:\/\/schema.org\",\"@graph\":[{\"@type\":\"WebPage\",\"@id\":\"https:\/\/vesnabeauty.de\/index.php\/ueber-vesna\/\",\"url\":\"https:\/\/vesnabeauty.de\/index.php\/ueber-vesna\/\",\"name\":\"Parf\u00fcmerie - Vesna\",\"isPartOf\":{\"@id\":\"https:\/\/vesnabeauty.de\/#website\"},\"datePublished\":\"2020-10-05T13:00:29+00:00\",\"dateModified\":\"2020-10-09T21:38:52+00:00\",\"breadcrumb\":{\"@id\":\"https:\/\/vesnabeauty.de\/index.php\/ueber-vesna\/#breadcrumb\"},\"inLanguage\":\"de\",\"potentialAction\":[{\"@type\":\"ReadAction\",\"target\":[\"https:\/\/vesnabeauty.de\/index.php\/ueber-vesna\/\"]}]},{\"@type\":\"BreadcrumbList\",\"@id\":\"https:\/\/vesnabeauty.de\/index.php\/ueber-vesna\/#breadcrumb\",\"itemListElement\":[{\"@type\":\"ListItem\",\"position\":1,\"name\":\"Home\",\"item\":\"https:\/\/vesnabeauty.de\/\"},{\"@type\":\"ListItem\",\"position\":2,\"name\":\"Parf\u00fcmerie\"}]},{\"@type\":\"WebSite\",\"@id\":\"https:\/\/vesnabeauty.de\/#website\",\"url\":\"https:\/\/vesnabeauty.de\/\",\"name\":\"Vesna\",\"description\":\"Parf\u00fcmerie &amp; Beauty\",\"publisher\":{\"@id\":\"https:\/\/vesnabeauty.de\/#organization\"},\"potentialAction\":[{\"@type\":\"SearchAction\",\"target\":{\"@type\":\"EntryPoint\",\"urlTemplate\":\"https:\/\/vesnabeauty.de\/?s={search_term_string}\"},\"query-input\":\"required name=search_term_string\"}],\"inLanguage\":\"de\"},{\"@type\":\"Organization\",\"@id\":\"https:\/\/vesnabeauty.de\/#organization\",\"name\":\"Vesna\",\"url\":\"https:\/\/vesnabeauty.de\/\",\"logo\":{\"@type\":\"ImageObject\",\"inLanguage\":\"de\",\"@id\":\"https:\/\/vesnabeauty.de\/#\/schema\/logo\/image\/\",\"url\":\"https:\/\/vesnabeauty.de\/wp-content\/uploads\/2020\/10\/cropped-Logo-Quadratisch-1_Zuschnitt-5.jpg\",\"contentUrl\":\"https:\/\/vesnabeauty.de\/wp-content\/uploads\/2020\/10\/cropped-Logo-Quadratisch-1_Zuschnitt-5.jpg\",\"width\":1542,\"height\":1539,\"caption\":\"Vesna\"},\"image\":{\"@id\":\"https:\/\/vesnabeauty.de\/#\/schema\/logo\/image\/\"}}]}<\/script>\n<!-- \/ Yoast SEO plugin. -->","yoast_head_json":{"title":"Parf\u00fcmerie - Vesna","robots":{"index":"index","follow":"follow","max-snippet":"max-snippet:-1","max-image-preview":"max-image-preview:large","max-video-preview":"max-video-preview:-1"},"canonical":"https:\/\/vesnabeauty.de\/index.php\/ueber-vesna\/","og_locale":"de_DE","og_type":"article","og_title":"Parf\u00fcmerie - Vesna","og_description":"Seit 40 Jahren stehen wir im Dienste unserer Kunden und stehen Ihnen bei allen Ihren Fragen rund um die Sch\u00f6nheit und Kosmetikbehandlungen mit Rat und Tat zur Seite. Wir verw\u00f6hnen Sie mit auf Ihre Bed\u00fcrfnissen abgestimmten Behandlungsmethoden und entf\u00fchren Sie gerne f\u00fcr eine kurze Zeit aus dem Alltag. Auch d\u00fcrfen Sie sich auf eine kompetente Beratung in den Bereichen Pflege und Make-up freuen. Unser Team ber\u00e4t Sie mit Herzblut und zeigt Ihnen die neuesten Innovationen im Duft- und Pflegebereich. Unsere ausgebildeten Visagisten zaubern Ihnen jederzeit ein tolles Make-up und stehen Ihnen in der Auswahl der Farben mit Rat und Tat zur Seite. Wir freuen uns, wenn Sie bei uns vorbeischauen und sich von der Welt der D\u00fcfte verzaubern lassen. Ihr VESNA Parf\u00fcmerie &amp; Beauty Team! &nbsp;","og_url":"https:\/\/vesnabeauty.de\/index.php\/ueber-vesna\/","og_site_name":"Vesna","article_modified_time":"2020-10-09T21:38:52+00:00","og_image":[{"url":"https:\/\/vesnabeauty.de\/wp-content\/uploads\/2020\/10\/bea-200x300.jpg"}],"twitter_card":"summary_large_image","twitter_misc":{"Gesch\u00e4tzte Lesezeit":"1\u00a0Minute"},"schema":{"@context":"https:\/\/schema.org","@graph":[{"@type":"WebPage","@id":"https:\/\/vesnabeauty.de\/index.php\/ueber-vesna\/","url":"https:\/\/vesnabeauty.de\/index.php\/ueber-vesna\/","name":"Parf\u00fcmerie - Vesna","isPartOf":{"@id":"https:\/\/vesnabeauty.de\/#website"},"datePublished":"2020-10-05T13:00:29+00:00","dateModified":"2020-10-09T21:38:52+00:00","breadcrumb":{"@id":"https:\/\/vesnabeauty.de\/index.php\/ueber-vesna\/#breadcrumb"},"inLanguage":"de","potentialAction":[{"@type":"ReadAction","target":["https:\/\/vesnabeauty.de\/index.php\/ueber-vesna\/"]}]},{"@type":"BreadcrumbList","@id":"https:\/\/vesnabeauty.de\/index.php\/ueber-vesna\/#breadcrumb","itemListElement":[{"@type":"ListItem","position":1,"name":"Home","item":"https:\/\/vesnabeauty.de\/"},{"@type":"ListItem","position":2,"name":"Parf\u00fcmerie"}]},{"@type":"WebSite","@id":"https:\/\/vesnabeauty.de\/#website","url":"https:\/\/vesnabeauty.de\/","name":"Vesna","description":"Parf\u00fcmerie &amp; Beauty","publisher":{"@id":"https:\/\/vesnabeauty.de\/#organization"},"potentialAction":[{"@type":"SearchAction","target":{"@type":"EntryPoint","urlTemplate":"https:\/\/vesnabeauty.de\/?s={search_term_string}"},"query-input":"required name=search_term_string"}],"inLanguage":"de"},{"@type":"Organization","@id":"https:\/\/vesnabeauty.de\/#organization","name":"Vesna","url":"https:\/\/vesnabeauty.de\/","logo":{"@type":"ImageObject","inLanguage":"de","@id":"https:\/\/vesnabeauty.de\/#\/schema\/logo\/image\/","url":"https:\/\/vesnabeauty.de\/wp-content\/uploads\/2020\/10\/cropped-Logo-Quadratisch-1_Zuschnitt-5.jpg","contentUrl":"https:\/\/vesnabeauty.de\/wp-content\/uploads\/2020\/10\/cropped-Logo-Quadratisch-1_Zuschnitt-5.jpg","width":1542,"height":1539,"caption":"Vesna"},"image":{"@id":"https:\/\/vesnabeauty.de\/#\/schema\/logo\/image\/"}}]}},"acf":[],"_links":{"self":[{"href":"https:\/\/vesnabeauty.de\/index.php\/wp-json\/wp\/v2\/pages\/65"}],"collection":[{"href":"https:\/\/vesnabeauty.de\/index.php\/wp-json\/wp\/v2\/pages"}],"about":[{"href":"https:\/\/vesnabeauty.de\/index.php\/wp-json\/wp\/v2\/types\/page"}],"author":[{"embeddable":true,"href":"https:\/\/vesnabeauty.de\/index.php\/wp-json\/wp\/v2\/users\/1"}],"replies":[{"embeddable":true,"href":"https:\/\/vesnabeauty.de\/index.php\/wp-json\/wp\/v2\/comments?post=65"}],"version-history":[{"count":5,"href":"https:\/\/vesnabeauty.de\/index.php\/wp-json\/wp\/v2\/pages\/65\/revisions"}],"predecessor-version":[{"id":233,"href":"https:\/\/vesnabeauty.de\/index.php\/wp-json\/wp\/v2\/pages\/65\/revisions\/233"}],"wp:attachment":[{"href":"https:\/\/vesnabeauty.de\/index.php\/wp-json\/wp\/v2\/media?parent=65"}],"curies":[{"name":"wp","href":"https:\/\/api.w.org\/{rel}","templated":true}]}}